{"id":32,"date":"2022-04-20T23:09:03","date_gmt":"2022-04-21T02:09:03","guid":{"rendered":"https:\/\/acriledtruck.com.br\/?page_id=32"},"modified":"2022-04-20T23:29:46","modified_gmt":"2022-04-21T02:29:46","slug":"quem-somos","status":"publish","type":"page","link":"https:\/\/acriledtruck.com.br\/","title":{"rendered":"Quem somos"},"content":{"rendered":"\n<p class=\"has-text-align-left\"><strong>N\u00f3s nascemos por paix\u00e3o a caminh\u00e3o, unindo a criatividade, qualidade e paix\u00e3o pelas m\u00e1quinas estradeiras que trazem o desenvolvimento e suprimentos para nosso mundo, somos uma empresa dedicada a cria\u00e7\u00e3o de produtos em acr\u00edlico para personaliza\u00e7\u00e3o de caminh\u00f5es, somos o renascimento de mudan\u00e7as da pandemia de 2019 onde tivemos que nos reinventar, nascendo de uma lumin\u00e1ria postada no facebook onde pela criatividade e capricho tivemos uma infinidade de pedidos, sendo que a postagem n\u00e3o era de venda e sim apenas uma imagem mostrando o que t\u00ednhamos criado para um enfeite, diante de centenas de pedidos um cliente hoje amigo Daniel solicitou emblemas para scania e ele gentilmente enviou os emblemas de seu caminh\u00e3o para que pud\u00e9ssemos copiar as medidas e formatos para produzir para ele e assim n\u00e3o paramos mais de criar, personalizar e diferenciar estas belas m\u00e1quinas, chegando a at\u00e9 exportar emblemas, placas para a Europa. Assim \u00e9 a Acriled Truck, hoje temos clientes pelo Brasil inteiro, satisfeitos com entregas r\u00e1pidas e produtos de qualidade produzidos com paix\u00e3o e satisfa\u00e7\u00e3o, para n\u00f3s n\u00e3o \u00e9 somente um neg\u00f3cio os caminh\u00f5es fazem parte de nossa vida.<\/strong><\/p>\n","protected":false},"excerpt":{"rendered":"<p>N\u00f3s nascemos por paix\u00e3o a caminh\u00e3o, unindo a criatividade, qualidade e paix\u00e3o pelas m\u00e1quinas estradeiras que trazem o desenvolvimento e suprimentos para nosso mundo, somos uma empresa dedicada a cria\u00e7\u00e3o de produtos em acr\u00edlico para&hellip;<\/p>\n","protected":false},"author":2,"featured_media":0,"parent":0,"menu_order":0,"comment_status":"closed","ping_status":"closed","template":"","meta":{"om_disable_all_campaigns":false,"_monsterinsights_skip_tracking":false,"_monsterinsights_sitenote_active":false,"_monsterinsights_sitenote_note":"","_monsterinsights_sitenote_category":0,"footnotes":""},"class_list":["post-32","page","type-page","status-publish","hentry"],"aioseo_notices":[],"_links":{"self":[{"href":"https:\/\/acriledtruck.com.br\/index.php\/wp-json\/wp\/v2\/pages\/32","targetHints":{"allow":["GET"]}}],"collection":[{"href":"https:\/\/acriledtruck.com.br\/index.php\/wp-json\/wp\/v2\/pages"}],"about":[{"href":"https:\/\/acriledtruck.com.br\/index.php\/wp-json\/wp\/v2\/types\/page"}],"author":[{"embeddable":true,"href":"https:\/\/acriledtruck.com.br\/index.php\/wp-json\/wp\/v2\/users\/2"}],"replies":[{"embeddable":true,"href":"https:\/\/acriledtruck.com.br\/index.php\/wp-json\/wp\/v2\/comments?post=32"}],"version-history":[{"count":3,"href":"https:\/\/acriledtruck.com.br\/index.php\/wp-json\/wp\/v2\/pages\/32\/revisions"}],"predecessor-version":[{"id":42,"href":"https:\/\/acriledtruck.com.br\/index.php\/wp-json\/wp\/v2\/pages\/32\/revisions\/42"}],"wp:attachment":[{"href":"https:\/\/acriledtruck.com.br\/index.php\/wp-json\/wp\/v2\/media?parent=32"}],"curies":[{"name":"wp","href":"https:\/\/api.w.org\/{rel}","templated":true}]}}